0*y + y - 58 = -4*q. Let f be 18/y - 38/6. Determine b(f).
3
Let g(n) = -5*n + 21. Let a be g(5). Let d(b) be the third derivative of b**5/60 + b**4/8 - 5*b**3/6 + b**2. Give d(a).
-1
Suppose -v - v = 8. Let i = v - -8. Let o(p) = 4*p**3 - 3*p**2 - 5*p + 3. Let r(j) = 7*j**3 - 6*j**2 - 10*j + 7. Let w(x) = 5*o(x) - 3*r(x). Calculate w(i).
-2
Let u(g) = 28*g**2 - 3*g + 6. Let h(t) = 84*t**2 - 8*t + 16. Let a(f) = -3*h(f) + 8*u(f). Determine a(1).
-28
Let g(u) = u**3 + 5*u**2 + 3*u - 3. Let f be g(-3). Let o(q) = 2*q - 6. Give o(f).
6
Let t(n) = 3*n**2 + 17*n + 5. Let z be t(-5). Let y(v) be the third derivative of -v**6/120 - v**5/12 + v**3 - v**2. What is y(z)?
6
Let x(n) = 7*n**3 - 2*n**2 - 2*n - 1. Let q be 3 + (2 - (-2 + 3)). Suppose -7 = -3*g - q*b - b, -3*b = -4*g - 10. Calculate x(g).
-8
Let s(r) be the third derivative of r**7/840 + r**6/72 + r**5/120 - 7*r**4/24 - 5*r**3/6 - 5*r**2. Let p(l) be the first derivative of s(l). Calculate p(-5).
-12
Let c(p) = p**2 + 2*p - 1. Let k(v) = 2*v - 5. Let l be k(4). Suppose 2*t = l*z + 19, 3*t + 3 + 1 = -2*z. Give c(z).
14
Let c(u) be the first derivative of -u**3/3 - 2*u**2 + 4*u + 2. Give c(-7).
-17
Let q(k) = -k**3 - k**2 + k - 1. Let a(t) = -5*t**3 - 15*t**2 + 15*t - 7. Let x(s) = a(s) - 6*q(s). Calculate x(8).
7
Let w(a) be the third derivative of a**5/60 - a**4/6 + 7*a**3/6 - 14*a**2. Give w(6).
19
Let g(u) be the third derivative of -u**5/60 - u**4/12 + u**3/6 + 4*u**2. Let h(a) = a**3 - 5*a**2 + a - 3. Let j be h(5). Give g(j).
-7
Let w(r) be the first derivative of -3*r**2/2 + r + 3. Determine w(1).
-2
Let k be (-1)/((-5)/(-15)*(-3)/(-2)). Let u(g) = -8*g - 2. What is u(k)?
14
Suppose -5*k - 4 = -24, 3*o - 18 = -3*k. Let z(w) = w + 1. Calculate z(o).
3
Let s(c) be the second derivative of -c**3/6 - c**2/2 + 15*c. What is s(5)?
-6
Let k(s) = s**3 - 7*s**2 + 4*s + 2. Suppose 4*g - 28 = 4*m, g + 2*m + 4 - 5 = 0. What is k(g)?
-28
Let n(i) = -3*i**2 - 2*i. Let m be n(2). Let b = m + 12. Let y(q) = -q**2 - 4*q. Give y(b).
0
Let j(x) = 5*x**2 - 4*x - 17. Let y be 14/4 - 2/4. Let n(z) be the first derivative of -2*z**3/3 + z**2/2 + 6*z - 15. Let t(u) = y*j(u) + 8*n(u). Give t(-2).
1
Let o = 2 + 0. Let n(p) = -3*p**2 - 4 - 5*p + 3 + 2*p**o + 3. Determine n(-4).
6
Let l be (20/25)/((-1)/(-5)). Let k(y) = l*y - 3*y - y**3 + 10*y**2 - 3 - 6*y**2. Calculate k(4).
1
Let p(t) = 3*t**2 - 11*t - 9. Let a(u) = -4*u**2 + 16*u + 13. Let w(c) = 5*a(c) + 7*p(c). Suppose f + 2 = -0*f. What is w(f)?
0
Let x(j) = -j**3 - j**2 - 1. Suppose -3*p = 5*k - 37, k + 0*p - 1 = p. Let b = -7 + k. Give x(b).
3
Let r(t) = t**2 - 7*t + 4. Suppose i + y = -6, 2*i + 15 = -5*y + 3. Let x = i - -11. Calculate r(x).
-6
Let f(w) = w**3 + 9*w**2 - 2*w - 9. Let n be f(-9). Suppose -q + 4*q - n = 0. Let z(d) = -2*d + 4*d - q*d + 1. Determine z(1).
0
Suppose -2*c + 0*c + 4 = 0. Let l(k) be the first derivative of k**2/2 + k - 2. Give l(c).
3
Let z(x) = 3*x - 10. Let w(r) = -4*r + 11. Let u(o) = 2*w(o) + 3*z(o). What is u(0)?
-8
Let i = -18 + 15. Let m(p) = -4*p + 7. Let j(w) = 5*w - 8. Let q(s) = i*j(s) - 4*m(s). Give q(3).
-1
Let z(p) = 3 - 10*p - 8 + p**2 + 11*p + 4*p. Let q(b) = -b**2 - 3*b. Let k be q(-3). Suppose k = 3*g - 1 + 16. Determine z(g).
-5
Let a(o) = 4*o + 2*o + 0*o. Let v be -5 + 7 + 3/(-1). Determine a(v).
-6
Suppose -3*k - 28 = 4*j, -2*k + 0*j - 4*j = 20. Let f be k/6*3/(-2). Let a(t) = -14*t + 9. Let d(z) = -5*z + 3. Let m(o) = 3*a(o) - 8*d(o). What is m(f)?
-1
Let g(a) = -a**3 - 7*a**2 - 6*a - 9. Let y be -10*1/1 - -4. Give g(y).
-9
Let i(t) = 6*t - 18. Let r(c) = -4*c + 12. Let b(j) = 5*i(j) + 7*r(j). Let o(u) = u + 6. Let n be o(0). What is b(n)?
6
Suppose 4*k + 6 = j + 1, 0 = -5*j + k + 6. Let n(f) = f**2 + 2*f - 1. What is n(j)?
2
Let r(f) be the first derivative of f**4/2 - 2*f**3/3 + f**2 - 3*f - 2. What is r(2)?
9
Suppose -3 = 3*x - 9. Suppose -5*f - 2*b + 3 = -34, -x*b + 28 = 4*f. Let n be f/6*(-2)/3. Let q(r) = -6*r - 1. Give q(n).
5
Let t(g) = -g + 9. Let b be t(0). Let x = -5 + b. Let p(a) = -a**2 + 6*a - 3. Calculate p(x).
5
Let d(f) be the second derivative of -6*f + 0 + 1/6*f**4 - 1/20*f**5 + 2/3*f**3 - 2*f**2. What is d(3)?
-1
Let t(p) = p**3 + 2*p**2 + 2*p - 1. Let f be t(-2). Let m(x) = x**2 + 6*x - 1. Calculate m(f).
-6
Let h(n) be the second derivative of n**5/60 + n**4/4 + 2*n**3/3 + 4*n**2 + 2*n. Let d(g) be the first derivative of h(g). Determine d(-3).
-5
Let c(v) = v**2 - v. Let w(r) = -2*r**2 - 4*r + 1. Let x(g) = 3*c(g) - w(g). Calculate x(1).
5
Let y(d) = 2*d - 3. Suppose -2*u - 2*u = 36. Let a = -6 - u. What is y(a)?
3
Suppose -5*g = -0 + 5. Let c(j) = j + 1. Let s(a) = -2. Let t(p) = c(p) + s(p). Let f(d) = -8*d + 1. Let k(l) = -f(l) - 2*t(l). Determine k(g).
-5
Suppose 5*p - 70 = 5*a, 2*a + 2*a + 2*p + 50 = 0. Let d = 8 + a. Let s(t) = t**3 + 4*t**2 - 5*t - 5. Calculate s(d).
-5
Let h(y) be the first derivative of -y**7/840 + y**6/180 + y**5/40 - y**4/24 - 2*y**3 - 1. Let d(q) be the third derivative of h(q). What is d(3)?
-1
Let r(t) = 5*t + 41. Let f be r(-8). Let g(l) = -4*l**2 - 2*l + 1. Calculate g(f).
-5
Let c(f) = -f**3 - 6*f**2 + f. Let d(q) = 3*q**3 + 13*q**2 - 2*q + 1. Let j(v) = -5*c(v) - 2*d(v). Let z be 4/16*6*10. Suppose 0 = -5*t + z - 0. Calculate j(t).
4
Let p(m) = 0*m**3 + 5*m**3 - 3*m**3 + 2*m**2 - 1. Let z be p(1). Let s(v) = v - v**2 - 4*v + 4*v + 3. Calculate s(z).
-3
Let h = 86 - 89. Let l(p) = -7*p - 3. Give l(h).
18
Let x(r) = -r + 8. Let a be x(6). Let y = a + -1. Let n(l) = 4*l**3 + 2*l - 1. What is n(y)?
5
Suppose 2*n + 37 = 5*f, 4*n - 3*n + 4*f = 14. Let i(a) be the first derivative of -a**4/4 - 2*a**3 - a**2 - 7*a + 3. What is i(n)?
5
Let g(o) be the second derivative of o**6/120 + 7*o**5/60 - o**4/3 - 5*o**3/6 + 3*o**2/2 - 7*o. Let a(k) be the first derivative of g(k). Give a(-8).
-5
Let r be -3*(1 - 0/2). Let g be (-4*2)/(-4) + r. Let n(h) = 4*h + 1. Give n(g).
-3
Let t = -15 + 10. Let d = t - -5. Let s(w) be the third derivative of -w**6/120 - w**5/60 - w**4/24 - w**3 + w**2. What is s(d)?
-6
Let q = -107 - -99. Let p(s) = -s - 14. Determine p(q).
-6
Let l = 3 - 4. Let m(y) be the first derivative of -y**4 - y**2/2 - y + 1. What is m(l)?
4
Let k(a) be the third derivative of 0 - 1/360*a**6 + 1/2*a**3 + 0*a + 1/20*a**5 + 3*a**2 - 1/8*a**4. Let o(g) be the first derivative of k(g). What is o(6)?
-3
Let g(f) = f**3 + 5*f**2 + 4*f + 4. Let y be g(-4). Suppose 2*z = y*z. Let a(l) = 0 - 2*l**3 - 1 + z. Calculate a(1).
-3
Let o(j) = j**2 - j + 3. Let q(c) = 2*c**2 + 6. Let d(n) = -5*o(n) + 2*q(n). Suppose 8 = -2*y, -4*u + y + 9 = -19. Calculate d(u).
-9
Let a = -4 - -5. Let f(x) = -1 - a - x + 3*x - x. What is f(6)?
4
Let c(z) be the third derivative of z**6/120 + z**5/60 - z**3 + 3*z**2. Suppose -t = 2*j - 5, j - 2*t + 5 = -5. Calculate c(j).
-6
Let b(i) be the first derivative of 2*i**2 + i - 1/3*i**3 + 3. Suppose -2*q = -17 + 7. Give b(q).
-4
Let v be -2 + (-30)/(-26) + 4/(-26). Let b(r) = -17*r**3 - r**2 - 2*r - 1. Determine b(v).
17
Suppose 10 = 3*o + 5*p, -5*o = -3*p + p + 35. Let m(y) = -y**3 - 5*y**2 + 2*y + 5. Determine m(o).
-5
Let d be 4*(3 + 15/(-6)). Suppose d*q + 15 = 5*q. Let x(u) be the first derivative of u**2 - 3*u + 1. What is x(q)?
7
Let g = 31 - 28. Let o(t) = 0*t**g - 7 - 30*t**2 + 24*t**2 - t**3 + 5*t. Determine o(-7).
7
Suppose -2*g - 3*p - 8 = 0, 3*p = g + 4 - 0. Suppose u = 3*o + 5, u + 2*o - 5 = 7*o. Let y(d) = -2*d - u*d + d - 2 - d**2. What is y(g)?
6
Let n(t) = 16*t**2 - 6*t**2 - t**3 - 2*t - 5*t**2 + 3 - 2*t. Determine n(3).
9
Let q(m) = -m**3 + 0*m**3 - 5 + 0*m**2 + 3*m**2 + 6*m. Let w(t) = t**2. Let u(a) = -5*a**2 - 3*a. Let p(z) = u(z) + 6*w(z). Let i be p(4). What is q(i)?
3
Let g(v) = v**3 + 6*v**2 + 6*v. Let z be g(-5). Let f(t) = -2*t**2 + 10*t + 3*t**2 - 4*t - 5. Determine f(z).
-10
Let t(f) = -4*f**3 - 8*f**2 + 5*f - 8. Let c(y) = -2*y**3 - 3*y**2 + 2*y - 3. Let o(b) = -11*c(b) + 4*t(b). Determine o(1).
6
Suppose 3 = -6*d - 27. Let t(n) = -n**3 - 6*n**2 - 3*n - 7. Give t(d).
-17
Let i(m) be the second derivative of -1/12*m**4 - 2/3*m**3 + 0 + 2*m + 0*m**2. Give i(-5).
-5
Let x(k) = k**3 - 3*k**2 - 5*k. Suppose 6 - 2 = p. Give x(p).
-4
Let y(o) = -o**2 - 1. Let i(n) = -9*n**2 - n - 5. Let r(u) = -i(u) + 4*y(u). What